{"id":5180,"date":"2025-07-22T01:30:42","date_gmt":"2025-07-21T23:30:42","guid":{"rendered":"https:\/\/stream.netfilm.fr\/?post_type=product&#038;p=5180"},"modified":"2026-01-29T02:27:57","modified_gmt":"2026-01-29T01:27:57","slug":"les-enquetes-du-departement-v-misericorde","status":"publish","type":"product","link":"https:\/\/stream.netfilm.fr\/index.php\/produit\/les-enquetes-du-departement-v-misericorde\/","title":{"rendered":"Les Enqu\u00eates du D\u00e9partement V : Mis\u00e9ricorde"},"content":{"rendered":"<div class=\"wp-iframe-wrapper\"><iframe src=\"https:\/\/app.videas.fr\/embed\/media\/05ddc5c2-7526-4211-9f48-1cbec26879b0\/\" width=\"600\" height=\"450\" frameborder=\"0\" scrolling=\"yes\" allowfullscreen=\"allowfullscreen\" loading=\"lazy\" referrerpolicy=\"no-referrer\"><\/iframe><\/div>\n","protected":false},"excerpt":{"rendered":"<div class=\"iframe-container\"><iframe src=\"https:\/\/stream.netfilm.fr\/player\/playerjs.html?file=https:\/\/fr.vid.web.acsta.net\/\/nmedia\/\/33\/\/15\/\/03\/\/12\/\/17\/\/19552024_hd_013.mp4&amp;poster=https:\/\/focus.telerama.fr\/664x442\/60\/2025\/03\/12\/5d09abe64a8c40bc9c33e2fb7a91bbbd.jpg\" allowfullscreen=\"allowfullscreen\"><\/iframe><\/div>\n","protected":false},"featured_media":5181,"comment_status":"open","ping_status":"closed","template":"","meta":{"pmpro_default_level":"","_monsterinsights_skip_tracking":false,"_monsterinsights_sitenote_active":false,"_monsterinsights_sitenote_note":"","_monsterinsights_sitenote_category":0},"product_brand":[149],"product_cat":[45,46,58,64],"product_tag":[30],"class_list":{"0":"post-5180","1":"product","2":"type-product","3":"status-publish","4":"has-post-thumbnail","6":"product_brand-enquetes-du-departement-v","7":"product_cat-crime","8":"product_cat-drame","9":"product_cat-policier","10":"product_cat-thriller","11":"product_tag-film-2013","12":"pmpro-has-access","14":"first","15":"instock","16":"shipping-taxable","17":"product-type-external"},"aioseo_notices":[],"_links":{"self":[{"href":"https:\/\/stream.netfilm.fr\/index.php\/wp-json\/wp\/v2\/product\/5180","targetHints":{"allow":["GET"]}}],"collection":[{"href":"https:\/\/stream.netfilm.fr\/index.php\/wp-json\/wp\/v2\/product"}],"about":[{"href":"https:\/\/stream.netfilm.fr\/index.php\/wp-json\/wp\/v2\/types\/product"}],"replies":[{"embeddable":true,"href":"https:\/\/stream.netfilm.fr\/index.php\/wp-json\/wp\/v2\/comments?post=5180"}],"version-history":[{"count":3,"href":"https:\/\/stream.netfilm.fr\/index.php\/wp-json\/wp\/v2\/product\/5180\/revisions"}],"predecessor-version":[{"id":5359,"href":"https:\/\/stream.netfilm.fr\/index.php\/wp-json\/wp\/v2\/product\/5180\/revisions\/5359"}],"wp:featuredmedia":[{"embeddable":true,"href":"https:\/\/stream.netfilm.fr\/index.php\/wp-json\/wp\/v2\/media\/5181"}],"wp:attachment":[{"href":"https:\/\/stream.netfilm.fr\/index.php\/wp-json\/wp\/v2\/media?parent=5180"}],"wp:term":[{"taxonomy":"product_brand","embeddable":true,"href":"https:\/\/stream.netfilm.fr\/index.php\/wp-json\/wp\/v2\/product_brand?post=5180"},{"taxonomy":"product_cat","embeddable":true,"href":"https:\/\/stream.netfilm.fr\/index.php\/wp-json\/wp\/v2\/product_cat?post=5180"},{"taxonomy":"product_tag","embeddable":true,"href":"https:\/\/stream.netfilm.fr\/index.php\/wp-json\/wp\/v2\/product_tag?post=5180"}],"curies":[{"name":"wp","href":"https:\/\/api.w.org\/{rel}","templated":true}]}}